t common factor of w and u?
5
Let z = 52 + -3. Calculate the highest common factor of 7 and z.
7
Let c = 3 + -1. Suppose -33 = -3*f - 5*l, 0 = 4*f - c*l + 10 - 54. Let g = 62 + -29. What is the highest common factor of g and f?
11
Suppose 267 = 4*d - 129. What is the highest common divisor of d and 11?
11
Let f be 16 + 1 + 9/3 + -5. What is the greatest common factor of f and 60?
15
Suppose 0 = -h - p + 5, -2*p = -3*h - 0*p + 5. Let l(o) = 6*o**2. Let r be l(-1). What is the highest common factor of h and r?
3
Suppose 286 = 3*x - 26. Calculate the highest common factor of x and 13.
13
Let y = 19 - 7. Calculate the greatest common divisor of 2 and y.
2
Let h be 2/(4/30*3). Suppose 5*a = -h, 353 = 4*q - 0*a - a. Calculate the highest common divisor of 11 and q.
11
Let s(i) = -i**3 + 12*i**2 - 8*i - 13. Let c be s(11). Calculate the highest common divisor of c and 80.
20
Let q(n) = 3*n + 3. Let p be q(-2). Suppose -6*b + 2*b = 5*u, 3*u + 37 = 5*b. Let c be p/b + 348/30. Calculate the greatest common factor of 11 and c.
11
Let l be -1 + (-2)/((-6)/213). Let j(x) = x**2 - x - 14. Let c be j(-6). What is the highest common divisor of l and c?
14
Let c(p) = -p + 12. Let q be c(10). Suppose -3*x + 88 = -2*x + q*j, 0 = 4*j. Calculate the greatest common divisor of 8 and x.
8
Let w(b) = 175*b + 6. Let q be w(3). Suppose -4*j + 3*k + q = 0, k + 2 = -k. What is the greatest common factor of 12 and j?
12
Let r be (7 + -1)*1/1. Let m(x) = 0*x + 0*x + r - 6*x. Let u be m(-7). What is the greatest common factor of 12 and u?
12
Suppose -3*p - 832 = -11*p. Calculate the highest common divisor of 13 and p.
13
Let u be (-88)/(-9) + 2/9. Let m = u + -4. Calculate the highest common factor of m and 6.
6
Suppose -2*f = -3*f. Let r be 7 + -8 + (f - -10). Calculate the highest common divisor of 72 and r.
9
Suppose 5*l = -2*g, -2*l = 2*l + 5*g + 17. Calculate the highest common divisor of 3 and l.
1
Suppose p - 6*p - 20 = -3*h, 0 = 2*p + 5*h + 39. Let s = 20 + p. Calculate the greatest common factor of 143 and s.
13
Suppose -t - 2 = -4. Let i = 1 + t. Suppose i*d - 17 = 7. Calculate the highest common factor of d and 12.
4
Suppose -3*c + 33 = 3. Calculate the highest common divisor of 40 and c.
10
Let v be (2*-1 - 0) + 90. Suppose -18*y = -17*y + 3. Let s be -11*y/(3 - 0). What is the greatest common divisor of v and s?
11
Suppose -4*k - 375 + 1147 = 0. Let o = k + -97. Calculate the greatest common divisor of 12 and o.
12
Let p(q) = -187*q - 1. Let o be p(1). Let y = 2 - o. Suppose -3*h + 305 = -2*b, -2*h + b + 12 = -y. What is the highest common divisor of h and 9?
9
Let h be (-50)/15*-12*1. Let x = 85 - h. Calculate the highest common divisor of 30 and x.
15
Let h(v) = 2*v**2 + 2*v + 42. Let n be h(0). What is the greatest common divisor of 126 and n?
42
Suppose 4*m - 3*a = 24, -2*m + 19 = -2*a + 5. Let i be m/(-4) + 3/(-12). Let r = 4 - i. Calculate the highest common divisor of 2 and r.
1
Let r be 118/14 - 6/14. Calculate the highest common factor of r and 80.
8
Suppose 0 = 4*d - d - 45. Let j = d - 1. Let q be (-4)/j - 254/(-7). Calculate the highest common divisor of 12 and q.
12
Suppose 5*c - 307 = -52. Let d be (-98)/(-6) + (10/3)/5. What is the highest common factor of c and d?
17
Let k(r) be the first derivative of -3*r**2/2 + 1. Let f be k(-1). What is the greatest common factor of f and 27?
3
Let j(o) = 17*o - 5. Let b be j(5). Suppose -n = -5*n + b. Let r be (-3 - -1) + (-30)/(-9)*3. What is the greatest common factor of n and r?
4
Let a = 75 - 68. What is the highest common factor of 35 and a?
7
Let v be (-9)/6*(-4)/3. Let f = 26 - v. Let a be 1*-7*f/(-14). Calculate the highest common divisor of 48 and a.
12
Suppose 0*t = 3*t + 9, 0 = -3*x + 2*t + 48. What is the highest common factor of 126 and x?
14
Let t(p) = -2*p**3 + 3*p**2 + p - 3. Let g be t(-3). Suppose 0*z + 5*s = 3*z - 58, 5*z = 4*s + g. Calculate the greatest common divisor of 88 and z.
11
Let p(g) = 2*g**2 - 5*g + 4. Let d be p(3). Let o = 1 + -1. Suppose 35 = y - o*y. Calculate the highest common divisor of d and y.
7
Suppose -2*y = -3*h + 6*h - 42, -2*y + 34 = -h. Calculate the greatest common divisor of y and 9.
9
Suppose -q = 2*c - 42, -33 - 19 = -2*q + 4*c. What is the greatest common factor of q and 272?
34
Let n(z) = z**2 - z + 2. Let w be n(4). Let d = -3 + 6. Suppose d*b = q + 4*q + 195, 149 = 2*b + 3*q. What is the greatest common divisor of b and w?
14
Let b be ((-15)/2)/(21/(-168)). Suppose -3*s + 19 = 5*m, 2*s - 2 = 2*m - 0*s. Let k be m/4 - 94/(-4). Calculate the greatest common factor of b and k.
12
Let x(q) = q**3 - 5*q**2 - 4*q - 9. Let p be x(7). Suppose -d + 0*d = -p. Let w = 43 + d. Calculate the highest common divisor of w and 13.
13
Let s be 4 + (-3)/1 + 3. Suppose -o + 5*k + 5 = 14, s*o = -4*k + 84. Let w be 1*(-2 + 2) - -64. What is the greatest common factor of o and w?
16
Suppose 0 = m - 2. Suppose -5*n - 2*j + 0 + 15 = 0, -3*n - m*j + 5 = 0. Let g be (-1 + n)/((-8)/(-144)). Calculate the greatest common factor of g and 18.
18
Let w be (-86)/(-8) - (-1)/4. Suppose 2*m + 142 - 365 = 5*u, -2*u + 386 = 4*m. Calculate the highest common factor of m and w.
11
Let s be 2/(-3) - 354/(-18). Calculate the highest common divisor of 19 and s.
19
Suppose -15*l = -16*l + 48. Suppose -l - 24 = -h. What is the greatest common divisor of 8 and h?
8
Suppose j = -1 - 3. Let r(a) = -3*a - 5. Let h be r(j). Let g(f) = -f**2 + 11*f - 1. Let t be g(h). Calculate the greatest common factor of 3 and t.
3
Suppose 4*l + 6*l - 1360 = 0. What is the greatest common factor of l and 34?
34
Suppose -4*j - 40 = -8*j. Let h = j + -17. Let v be 9 - (h - -3 - -3). What is the greatest common divisor of v and 40?
10
Let k = -24 - -20. Let s be k/5 - 7332/(-65). Calculate the greatest common factor of 16 and s.
16
Let u be 1/(-2)*-8*2. Let m(j) = -u + 0*j + 4 + j**2 - 5*j. Let z be m(6). What is the greatest common divisor of z and 14?
2
Suppose -2*i + 0 = -4. Let v be (-2*(-1)/i)/(-1). Let t(w) = -12*w**3 + 2*w + 1. Let g be t(v). Calculate the greatest common divisor of 11 and g.
11
Let g be ((-2)/5)/((-4)/20). Let a(m) = -g*m**2 - 3 + 2*m + 2*m**2 + m**2. Let n be a(-5). Calculate the highest common divisor of 60 and n.
12
Let y = 143 - 79. What is the highest common factor of y and 8?
8
Let r(k) = k - 2. Let j be r(4). Suppose -b = -3*q + 8*q - 19, j*b + q = 47. Calculate the greatest common factor of b and 60.
12
Let y(h) = 2*h + 19 - h - 3. Let a be y(-13). Let t = -1 - -22. Calculate the highest common divisor of t and a.
3
Suppose 46 = 5*o + 6. Calculate the highest common factor of 2 and o.
2
Suppose -2*f - f = -465. Let a be (46 - -2) + (3 - 4). Suppose 5*h - h = -3*l + f, -h - a = -l. Calculate the highest common factor of 7 and l.
7
Suppose w - 2*v + 4*v - 80 = 0, -4*v + 82 = w. Calculate the highest common divisor of w and 195.
39
Let g(f) be the third derivative of f**4/8 + f**3/2 + 2*f**2. Let m be g(-2). Let x be m - 0 - 3*-13. What is the greatest common divisor of 4 and x?
4
Suppose -4*f + 428 = -4*k, 0 = f - 5*k - 80 - 23. What is the greatest common divisor of f and 12?
12
Suppose 0 = -2*d - 2*b + 2, b - 9 = -5*d - 0*d. Let r = 80 + -58. Calculate the highest common divisor of r and d.
2
Let s be ((-14)/3)/(20/(-210)). Let y = s - 28. What is the greatest common divisor of y and 84?
21
Suppose 5*r - s = 90, 8*s = 5*s. Calculate the highest common factor of r and 9.
9
Suppose 16 = -0*i + i. What is the highest common divisor of 64 and i?
16
Suppose -3*c + 0*l + 37 = -l, 5*c - 61 = l. Calculate the highest common factor of c and 228.
12
Let c(p) be the first derivative of 61*p**3/3 - p - 2. Suppose 3*g - 6 = -3. Let y be c(g). What is the highest common factor of 12 and y?
12
Let v = 0 - -4. What is the highest common factor of v and 1?
1
Suppose 0 = -2*g - 5*b - 12, 28 = 5*g + b - 3*b. Suppose d = -3*h + 24, -h + 4*h + 48 = 2*d. Calculate the highest common divisor of d and g.
4
Suppose -93 = -2*n + 7*n + 4*r, n + 4*r + 9 = 0. Let s = n + 32. Suppose u + 113 = 5*f, -4*f - u + 85 = -0*f. Calculate the highest common divisor of f and s.
11
Let l be ((-4)/2 - -6) + -1. Let b = l - 3. Suppose b = m - 3*k - 124, m + 4*m = 3*k + 572. What is the greatest common factor of m and 14?
14
